Calculate the greatest common factor of u and 152.
38
Let o = 3983 - 3821. What is the highest common divisor of o and 18?
18
Let k(l) = l**2 + 22 + 2*l - 7*l + l - 6*l. Let w be k(7). Let m be ((-7)/3 + w)*(-24 + 3). What is the greatest common divisor of 7 and m?
7
Suppose o + 6*o = -r + 693, 5*r = o - 63. Suppose -f - 3*f = -980. What is the greatest common divisor of o and f?
49
Let t = 64405 - 30623. What is the highest common factor of t and 254?
254
Suppose 90*b + 3*r + 1389 = 95*b, 0 = b - 4*r - 288. Calculate the highest common factor of b and 588.
12
Suppose 0 = 24*i - 50*i + 73*i - 142974. Calculate the highest common factor of i and 195.
39
Let p(z) = -z**3 + 8*z**2 - 9*z + 39. Let g be p(7). Calculate the greatest common factor of 3925 and g.
25
Let c = 120 + -54. Let r = 66 - c. Let q be -165*(1 - r - 4/3). Calculate the highest common factor of 5 and q.
5
Let d be 15/(150/32)*65. Suppose 65*t - 78 = 64*t. What is the greatest common divisor of t and d?
26
Let h(p) = -p**3 + 80*p**2 + 190*p + 757. Let w be h(82). Calculate the greatest common factor of 5457 and w.
321
Suppose -b + 5*q + 4839 = 10*q, 4*b = -2*q + 19284. Calculate the highest common divisor of 61 and b.
61
Let z = 18 + 67. Suppose -18*d = -8170 + 1636. Suppose -d = -16*s + 453. Calculate the greatest common factor of s and z.
17
Let r be (-535)/(-214)*152/2. What is the greatest common factor of r and 50?
10
Let v(q) = -319*q + 2014. Let i be v(6). Calculate the highest common factor of 3400 and i.
100
Let k be (-274)/137 + (-2604)/(-4). What is the highest common divisor of k and 44?
11
Suppose -63*k + 77*k - 4256 = 0. What is the highest common divisor of 114 and k?
38
Let l(c) = 8*c**2 + 7*c - 1. Suppose 34*b = 31*b - 9. Let v be l(b). Let m = -42 + v. What is the highest common divisor of m and 2?
2
Let c be 7 - (-71390)/25 - (-6)/15. Calculate the highest common factor of c and 14.
7
Let r = 32198 + -22678. What is the greatest common factor of r and 240?
80
Let y be 180/(-24)*(-44)/6. Let i = -52 + y. Suppose r = 5*z - 164, 3*z - z = -i*r + 69. Calculate the greatest common divisor of z and 22.
11
Let l = -20077 + 20235. Calculate the highest common factor of 22594 and l.
158
Let a = 662464 - 661461. Let r be (0/1)/(-1) + 17. Calculate the highest common factor of a and r.
17
Suppose -c - 2*h + 14 = -0*h, 3*c = -h + 57. Let m(q) = -32 + 18 - 2*q + c. Let w be m(-4). What is the greatest common divisor of w and 56?
14
Suppose 0 = -4*m - m + 30. Suppose -16*z + m*z = 1130. Let d = z - -258. Calculate the highest common factor of d and 29.
29
Let w(k) = -66*k - 774. Let g be w(-21). What is the highest common divisor of g and 198?
18
Let z(i) = 1320*i**2 + 3*i + 15. Let s be z(-1). Calculate the highest common factor of 72 and s.
36
Let x = -76 + 80. Suppose 3*w + 2*m - 274 = 0, -13*w + 15*w - 172 = x*m. Suppose 4*z - 5 = 115. What is the highest common divisor of z and w?
30
Suppose 8*f + 13 + 155 = 0. Let u(o) = 3*o + 46. Let c be u(f). Let r be 1/2*(11 - c). Calculate the greatest common divisor of r and 35.
7
Suppose -20602*r - 121568 = -20634*r. Calculate the greatest common divisor of 261 and r.
29
Let g = 4 - 2. Let w(s) = -5*s**3 + g*s - s + 11*s**2 - 11 + 0*s**2 + 4*s**3. Let x be w(10). Calculate the highest common factor of x and 9.
9
Let g(p) = 11*p**2 - 56*p + 107. Let f be g(2). Calculate the greatest common divisor of 1677 and f.
39
Suppose -44*q = -153*q + 1308. Calculate the highest common factor of 66 and q.
6
Suppose -90 = -0*z - 5*z. Suppose 11*o - z*o = 0. Suppose -52 = -o*m - 3*m + 2*b, -m + 2*b = -24. Calculate the greatest common factor of 98 and m.
14
Let h be (-8380)/(-70) - 6/(-21). Let w = 45 - 43. Suppose g = w*g - 48. What is the greatest common divisor of h and g?
24
Let q be (-4)/((-2)/(-32)*-1). Let w = 15401 - 14825. Calculate the greatest common factor of q and w.
64
Suppose 116533 = 101*z + 4423. Calculate the greatest common factor of 95 and z.
5
Suppose -y + 10 = -6*y + 5*q, 2*y + 13 = 5*q. Let r be 3214/14 - y/((-7)/3). What is the greatest common divisor of 10 and r?
10
Let w be 7915 - ((-19)/3 - (-12)/9). Suppose 0 = 3*i + 8*i - w. Calculate the highest common divisor of i and 80.
80
Let d be (15 + -4 + 0 + -3)*146. What is the greatest common divisor of d and 219?
73
Let w(y) = y**2 + y - 87. Let i be w(11). Suppose 3600 = 55*u - i*u. Calculate the highest common divisor of 40 and u.
40
Suppose r - 2*m = 211, -6*r + 817 = -2*r + m. Calculate the greatest common divisor of 574 and r.
41
Let s(p) = 3*p**2 + p + 1. Let q be s(2). Let o be (12/q)/(4/30). Let h = -14530 + 14578. Calculate the highest common factor of h and o.
6
Let q be 2 + (-43)/(-3) + (-17)/51. Let m be 96/q*(-2)/(-3). Suppose -4*v = 4*h - 16, -5*v + 0 = -m*h + 16. Calculate the highest common factor of 16 and h.
4
Let s be 140/65 + (-2)/13 - 5. Let a be s/(7/(-49)*3). What is the highest common divisor of a and 112?
7
Let d(j) = -j**2 - 6*j + 4. Let a be d(4). Let t be ((-1)/2)/(((-38)/a)/(-19)). What is the highest common divisor of t and 45?
9
Let v = -130 - -132. Suppose -2*l - 12 = -v*m, 0*m - 4 = -m - l. Suppose 16*f = -m + 325. Calculate the highest common divisor of f and 4.
4
Suppose 5*r + 3*p = 12, -5*p + 1 = -8*r + 10*r. Suppose -2*m = 2*s - 352, r*m = -6 + 21. What is the highest common divisor of s and 38?
19
Suppose -9433 = -3*w + 4*l, 6*l - l = 2*w - 6298. Calculate the greatest common factor of w and 146.
73
Let q be (-16)/(-96)*(1 - -1043). Suppose -7 = -5*v + 428. Calculate the highest common divisor of q and v.
87
Let j(y) = y**2 + y - 62. Suppose -78 = -m + 6*m + 3*z, -2*z = 2. Let b be j(m). Calculate the highest common divisor of b and 37.
37
Suppose -921 = -2*u + 301. Let s = u - 589. Calculate the greatest common factor of 12 and s.
2
Let q be -10*6/12 + 6. Let d be ((-48)/(-18) - q)*39. Let r(g) = g**2 + 2*g + 2. Let a be r(4). What is the highest common factor of d and a?
13
Let m(f) = -6*f**2 + 25 + f**2 + 42 + 10*f**2 - 9*f - 6*f**2. Let j be m(-13). Calculate the highest common divisor of 120 and j.
15
Let g = 259 + -175. Let t(x) = x**3 + 14*x**2 - 2*x - 16. Let r = 39 + -53. Let m be t(r). Calculate the highest common divisor of g and m.
12
Let i = -13562 + 18722. What is the highest common divisor of 420 and i?
60
Let n = -648 + 1257. Calculate the highest common divisor of 174 and n.
87
Suppose -2*f = 5*a - 198, -a - 3*f = -2*f - 42. Suppose 0 = -2*n + 74 + a. Let x = 461 + -454. Calculate the highest common divisor of x and n.
7
Suppose -2*u - 307 - 519 = -4*z, z = u + 208. What is the highest common divisor of 75 and z?
5
Let q = 1510 - 998. What is the greatest common factor of 1168 and q?
16
Suppose 14*w - 4108 = w. Let h = -283 + w. Let j be (2*-1)/(-1) + 31. Calculate the greatest common factor of h and j.
33
Let x = -25 - -19. Let z(f) = -f - 3. Let j be z(x). Suppose 6 = -3*q, -124 = -j*m - 2*q + q. What is the greatest common divisor of 6 and m?
6
Suppose -336 = -10*i - 11*i. Suppose z = 14*y - i*y + 407, -z = 1. Calculate the greatest common factor of y and 12.
12
Let k be (5/(-20) + 3/(-12))*24. Let c be (k/(-15) - 0)/(2/(-10)). Let l be (c - -5)*3 + (19 - 0). Calculate the highest common divisor of l and 176.
22
Let f(m) = -2*m**3 + 12*m**2 + 2*m + 13. Let r be f(6). Let t be 180/36 + 1*r. What is the highest common factor of t and 135?
15
Let n(i) be the second derivative of i**5/20 + i**4/12 + 5*i**2 + 11*i. Let h be n(0). Let w = 49 - 48. What is the greatest common divisor of w and h?
1
Let t(i) = 2170*i - 597. Let o be t(4). Calculate the highest common divisor of 137 and o.
137
Let x(p) = -11*p + 1. Let z be x(-1). Let o be (-63)/28 - 232/64*-42. Calculate the highest common factor of o and z.
6
Suppose 436 + 419 = 57*b. Suppose 3*m = a + 82, 3*m + a = 10 + 70. Suppose -4*w - 18 = -5*l - 8*w, w = -5*l + m. Calculate the highest common factor of b and l.
3
Suppose 14*z - 27*z + 497 = 159. What is the greatest common factor of 3653 and z?
13
Suppose -16*c = 46 - 206. Let r = c - -7. Calculate the highest common divisor of 17 and r.
17
Suppose q + d - 8 = 0, 2*q - 4*d - 38 = -q. Let y(c) = c**2 + 17*c + 72. Let r be y(-4). What is the greatest common factor of q and r?
10
Let v(n) = 97*n - 779. Let z be v